 the tens digit of 9487?
8
What is the tens digit of 1605?
0
What is the hundreds digit of 4932?
9
What is the tens digit of 622?
2
What is the tens digit of 6984?
8
What is the thousands digit of 99206?
9
What is the tens digit of 141592?
9
What is the tens digit of 25501?
0
What is the units digit of 20881?
1
What is the units digit of 90968?
8
What is the tens digit of 2203?
0
What is the tens digit of 47853?
5
What is the tens digit of 7511?
1
What is the thousands digit of 1167?
1
What is the ten thousands digit of 184505?
8
What is the hundreds digit of 7700?
7
What is the ten thousands digit of 15963?
1
What is the units digit of 152507?
7
What is the hundreds digit of 2710?
7
What is the ten thousands digit of 29606?
2
What is the units digit of 114491?
1
What is the hundreds digit of 1704?
7
What is the units digit of 2291?
1
What is the thousands digit of 6644?
6
What is the units digit of 1055?
5
What is the units digit of 2448?
8
What is the units digit of 3708?
8
What is the units digit of 73823?
3
What is the units digit of 667?
7
What is the tens digit of 2682?
8
What is the thousands digit of 2552?
2
What is the tens digit of 17932?
3
What is the hundreds digit of 90262?
2
What is the tens digit of 7737?
3
What is the thousands digit of 13392?
3
What is the thousands digit of 19822?
9
What is the units digit of 1556?
6
What is the units digit of 3124?
4
What is the units digit of 623?
3
What is the tens digit of 2585?
8
What is the thousands digit of 3325?
3
What is the hundreds digit of 1157?
1
What is the units digit of 15552?
2
What is the tens digit of 121353?
5
What is the hundreds digit of 650?
6
What is the units digit of 820?
0
What is the units digit of 234?
4
What is the ten thousands digit of 16691?
1
What is the tens digit of 12660?
6
What is the thousands digit of 1643?
1
What is the units digit of 44182?
2
What is the thousands digit of 126141?
6
What is the hundreds digit of 31322?
3
What is the thousands digit of 1800?
1
What is the hundreds digit of 8575?
5
What is the hundreds digit of 609?
6
What is the hundreds digit of 16249?
2
What is the hundreds digit of 5274?
2
What is the hundreds digit of 1886?
8
What is the thousands digit of 5675?
5
What is the units digit of 13402?
2
What is the thousands digit of 57995?
7
What is the thousands digit of 7971?
7
What is the thousands digit of 1807?
1
What is the thousands digit of 66113?
6
What is the hundreds digit of 5339?
3
What is the thousands digit of 37023?
7
What is the thousands digit of 38946?
8
What is the units digit of 44499?
9
What is the hundreds digit of 5922?
9
What is the tens digit of 19533?
3
What is the tens digit of 732?
3
What is the hundreds digit of 14764?
7
What is the hundreds digit of 2500?
5
What is the ten thousands digit of 32599?
3
What is the tens digit of 55622?
2
What is the tens digit of 439?
3
What is the units digit of 58884?
4
What is the units digit of 84417?
7
What is the units digit of 891?
1
What is the units digit of 56?
6
What is the thousands digit of 8506?
8
What is the ten thousands digit of 10368?
1
What is the thousands digit of 13897?
3
What is the ten thousands digit of 11832?
1
What is the units digit of 12952?
2
What is the thousands digit of 1228?
1
What is the units digit of 1692?
2
What is the tens digit of 766?
6
What is the hundreds digit of 2925?
9
What is the tens digit of 631?
3
What is the hundreds digit of 105774?
7
What is the tens digit of 1734?
3
What is the tens digit of 9225?
2
What is the hundreds digit of 1773?
7
What is the units digit of 2022?
2
What is the tens digit of 3209?
0
What is the hundreds digit of 2815?
8
What is the thousands digit of 25780?
5
What is the ten thousands digit of 127272?
2
What is the units digit of 2179?
9
What is the tens digit of 8264?
6
What is the hundreds digit of 402?
4
What is the hundreds digit of 4454?
4
What is the tens digit of 792?
9
What is the hundreds digit of 128167?
1
What is the thousands digit of 1439?
1
What is the thousands digit of 86605?
6
What is the ten thousands digit of 35625?
3
What is the hundreds digit of 2791?
7
What is the units digit of 1011?
1
What is the thousands digit of 7401?
7
What is the hundreds digit of 759?
7
What is the hundreds digit of 4438?
4
What is the thousands digit of 6294?
6
What is the ten thousands digit of 75060?
7
What is the units digit of 1053?
3
What is the ten thousands digit of 80251?
8
What is the tens digit of 934?
3
What is the hundreds digit of 3232?
2
What is the tens digit of 18059?
5
What is the hundreds digit of 1511?
5
What is the units digit of 4607?
7
What is the hundreds digit of 389?
3
What is the ten thousands digit of 12701?
1
What is the thousands digit of 1005?
1
What is the tens digit of 132777?
7
What is the tens digit of 5047?
4
What is the hundreds digit of 1233?
2
What is the units digit of 7105?
5
What is the thousands digit of 18750?
8
What is the hundreds digit of 1144?
1
What is the thousands digit of 1791?
1
What is the tens digit of 2148?
4
What is the hundreds digit of 7051?
0
What is the hundreds digit of 489?
4
What is the hundreds digit of 1019?
0
What is the hundred thousands digit of 103844?
1
What is the tens digit of 3167?
6
What is the units digit of 2462?
2
What is the units digit of 2792?
2
What is the tens digit of 3267?
6
What is the units digit of 832?
2
What is the thousands digit of 2515?
2
What is the units digit of 5619?
9
What is the tens digit of 70028?
2
What is the units digit of 1637?
7
What is the tens digit of 553?
5
What is the tens digit of 829?
2
What is the units digit of 110?
0
What is the units digit of 93?
3
What is the tens digit of 4676?
7
What is the tens digit of 5178?
7
What is the units digit of 697?
7
What is the tens digit of 866?
6
What is the ten thousands digit of 37342?
3
What is the thousands digit of 2126?
2
What is the tens digit of 27591?
9
What is the thousands digit of 2399?
2
What is the thousands digit of 1972?
1
What is the hundreds digit of 4388?
3
What is the units digit of 4066?
6
What is the tens digit of 3515?
1
What is the units digit of 257?
7
What is the tens digit of 59539?
3
What is the hundreds digit of 26880?
8
What is the units digit of 1281?
1
What is the units digit of 1437?
7
What is the thousands digit of 1094?
1
What is the thousands digit of 6375?
6
What is the tens digit of 6162?
6
What is the units digit of 145251?
1
What is the tens digit of 568?
6
What is the ten thousands digit of 50122?
5
What is the units digit of 1882?
2
What is the ten thousands digit of 12977?
1
What is the units digit of 1315?
5
What is the tens digit of 7246?
4
What is the ten thousands digit of 12466?
1
What is the units digit of 3349?
9
What is the thousands digit of 18450?
8
What is the tens digit of 1569?
6
What is the units digit of 74200?
0
What is the ten thousands digit of 27193?
2
What is the units digit of 1175?
5
What is the units digit of 15466?
6
What is the hundreds digit of 1370?
3
What is the tens digit of 24096?
9
What is the units digit of 351?
1
What is the hundreds digit of 10804?
8
What is the units digit of 7315?
5
What is the ten thousands digit of 26734?
2
What is the hundreds digit of 4030?
0
What is the tens digit of 10761?
6
What is the thousands digit of 34729?
4
What is the tens digit of 877?
7
What is the tens digit of 190?
9
What is the hundreds digit of 130707?
7
What is the units digit of 1081?
1
What is the thousands digit of 3578?
3
What is the thousands digit of 1680?
1
What is the units digit of 9135?
5
What is the thousands digit of 114221?
4
What is the thousands digit of 29580?
9
What is the units digit of 1884?
4
What is the tens digit of 115328?
2
What is the units digit of 2699?
9
What is the ten thousands digit of 49449?
4
What is the tens digit of 857?
5
What is the ten thousands digit of 22405?
2
What is the thousands digit of 119466?
9
What is the hundreds digit of 49295?
2
What is the hundreds digit of 918?
9
What is the hundreds digit of 1507?
5
What is the hundreds digit of 6184?
1
What is the tens digit of 6995?
9
What is the tens digit of 4388?
8
What is the ten thousands digit of 74342?
7
What is the units digit of 150533?
3
What is the hundreds digit of 1085?
0
What is th